2 divide 281072?
True
Is 5166278 a multiple of 1532?
False
Is 210 a factor of 3704904?
False
Is 963553 a multiple of 7?
False
Does 23 divide 29647?
True
Does 18 divide 1771578?
True
Is 23 a factor of 5961206?
False
Does 14 divide 434000?
True
Is 280759 a multiple of 20?
False
Is 268 a factor of 258833?
False
Is 282424 a multiple of 19?
False
Is 228620 a multiple of 710?
True
Is 124 a factor of 535156?
False
Is 669160 a multiple of 40?
True
Is 2714302 a multiple of 10?
False
Is 53 a factor of 321763?
True
Does 37 divide 3705573?
False
Does 173 divide 107716?
False
Is 118504 a multiple of 119?
False
Does 88 divide 3082024?
True
Is 99 a factor of 63770?
False
Does 15 divide 213501?
False
Is 12 a factor of 209979?
False
Does 162 divide 28177391?
False
Is 146370 a multiple of 287?
True
Is 7166122 a multiple of 43?
True
Does 732 divide 4601515?
False
Is 4 a factor of 35063?
False
Is 1363457 a multiple of 138?
False
Does 177 divide 1333934?
False
Does 16 divide 150968?
False
Is 3091680 a multiple of 285?
True
Does 664 divide 1033415?
False
Is 39 a factor of 6726837?
True
Is 83 a factor of 114135?
False
Does 225 divide 254925?
True
Is 217210 a multiple of 33?
False
Does 14 divide 145329?
False
Is 109683 a multiple of 36?
False
Is 12 a factor of 202371?
False
Does 21 divide 4309998?
True
Is 155822 a multiple of 1078?
False
Is 2952423 a multiple of 191?
False
Is 35 a factor of 1261263?
False
Is 110560 a multiple of 160?
True
Is 25050 a multiple of 6?
True
Is 47 a factor of 90428?
True
Does 57 divide 271552?
False
Is 190283 a multiple of 18?
False
Is 169588 a multiple of 14?
False
Is 29 a factor of 1141202?
False
Is 20 a factor of 25292900?
True
Does 64 divide 254592?
True
Is 17 a factor of 1255143?
False
Is 85624 a multiple of 11?
True
Is 13 a factor of 214067?
False
Is 757458 a multiple of 26?
True
Is 268 a factor of 888956?
True
Is 73 a factor of 980098?
True
Is 1048 a factor of 20559664?
True
Is 224035 a multiple of 865?
True
Does 3 divide 230808?
True
Is 41230 a multiple of 266?
True
Is 29 a factor of 9855679?
True
Is 642848 a multiple of 24?
False
Is 135 a factor of 2141235?
True
Is 114309 a multiple of 39?
True
Is 2311140 a multiple of 130?
True
Does 13 divide 401310?
True
Is 1352 a multiple of 12?
False
Does 253 divide 109043?
True
Is 3 a factor of 3456?
True
Does 175 divide 503825?
True
Does 2 divide 276334?
True
Is 325 a factor of 805386?
False
Does 1457 divide 1451848?
False
Is 773 a factor of 13524408?
True
Does 427 divide 168665?
True
Does 11 divide 10786?
False
Is 448 a factor of 900018?
False
Is 196 a factor of 548212?
True
Is 33 a factor of 113949?
True
Does 406 divide 1014379?
False
Is 1733832 a multiple of 138?
True
Does 397 divide 166740?
True
Is 35 a factor of 55736?
False
Is 5 a factor of 151076?
False
Is 13 a factor of 25113?
False
Does 126 divide 473130?
True
Is 63 a factor of 1785861?
True
Does 8 divide 13434?
False
Is 983064 a multiple of 128?
False
Is 26 a factor of 123567?
False
Is 672 a multiple of 4?
True
Does 651 divide 1510007?
False
Does 150 divide 173049?
False
Does 25 divide 169429?
False
Is 32 a factor of 390848?
True
Is 5053020 a multiple of 70?
True
Is 18 a factor of 659605?
False
Does 449 divide 391079?
True
Is 1140 a factor of 2070932?
False
Is 4321796 a multiple of 296?
False
Is 22 a factor of 137242?
False
Does 43 divide 701112?
False
Is 2073165 a multiple of 123?
True
Is 702 a factor of 884520?
True
Does 192 divide 411427?
False
Does 136 divide 526507?
False
Is 150 a factor of 1245223?
False
Is 96 a factor of 880416?
True
Is 307477 a multiple of 40?
False
Does 126 divide 216247?
False
Does 68 divide 1667613?
False
Is 313 a factor of 1281431?
False
Is 655118 a multiple of 332?
False
Is 46225 a multiple of 4?
False
Does 58 divide 118378?
True
Does 141 divide 31584?
True
Does 12 divide 941626?
False
Is 110 a factor of 1353786?
False
Does 62 divide 505359?
False
Does 52 divide 1967056?
True
Does 9 divide 3429279?
True
Is 21 a factor of 348846?
False
Is 415 a factor of 2930730?
True
Does 23 divide 3161511?
True
Does 63 divide 595013?
False
Is 100296 a multiple of 24?
True
Is 3145129 a multiple of 247?
False
Is 4359810 a multiple of 563?
False
Is 13 a factor of 7119489?
True
Does 29 divide 193140?
True
Is 78 a factor of 3350325?
False
Is 34686 a multiple of 70?
False
Is 23 a factor of 2468314?
True
Is 6 a factor of 1306254?
True
Is 7 a factor of 30422?
True
Does 5 divide 5031380?
True
Does 1062 divide 11783952?
True
Is 135 a factor of 438891?
False
Is 383 a factor of 725785?
True
Is 253388 a multiple of 8?
False
Does 348 divide 855036?
True
Does 79 divide 170087?
True
Is 289 a factor of 2724383?
False
Is 67257 a multiple of 31?
False
Is 246660 a multiple of 15?
True
Is 69 a factor of 827781?
False
Does 38 divide 45735?
False
Is 35 a factor of 445095?
True
Is 53 a factor of 186454?
True
Is 21 a factor of 287007?
True
Does 98 divide 290766?
True
Is 2 a factor of 7127?
False
Is 628871 a multiple of 563?
True
Does 148 divide 229400?
True
Is 25 a factor of 4291698?
False
Is 642 a factor of 2971961?
False
Is 1753387 a multiple of 4?
False
Is 1231972 a multiple of 126?
False
Is 698378 a multiple of 2?
True
Is 944874 a multiple of 9?
True
Does 43 divide 145856?
True
Is 249 a factor of 442868?
False
Does 548 divide 5043244?
True
Does 14 divide 21336?
True
Does 97 divide 816643?
True
Does 17 divide 90783?
False
Is 116272 a multiple of 25?
False
Does 26 divide 194688?
True
Is 137 a factor of 31612?
False
Does 25 divide 320428?
False
Does 187 divide 142307?
True
Does 35 divide 37199?
False
Is 2790033 a multiple of 18?
False
Is 7 a factor of 19523?
True
Is 27 a factor of 139968?
True
Is 10 a factor of 2258466?
False
Is 570964 a multiple of 23?
False
Is 1471824 a multiple of 87?
False
Is 32 a factor of 5720995?
False
Does 16 divide 2406992?
True
Is 10966802 a multiple of 34?
True
Is 75 a factor of 2700?
True
Is 623 a factor of 11219996?
False
Does 5 divide 123378?
False
Is 42540 a multiple of 15?
True
Does 379 divide 15445826?
False
Is 683 even?
False
Is 41496 a multiple of 57?
True
Is 86 a factor of 1068913?
False
Is 19 a factor of 7826?
False
Is 1936095 a multiple of 176?
False
Does 13 divide 171752?
False
Is 40 a factor of 723320?
True
Does 277 divide 45420?
False
Is 10542714 a multiple of 13?
True
Is 124 a factor of 4499792?
False
Is 559 a factor of 17722983?
False
Does 38 divide 350588?
True
Does 910 divide 9928648?
False
Does 27 divide 6103863?
True
Is 7344 a multiple of 102?
True
Does 51 divide 4559451?
True
Is 432 a factor of 4298615?
False
Does 38 divide 3785697?
False
Is 426 a factor of 122692?
False
Is 36 a factor of 447408?
True
Is 85 a factor of 325210?
True
Is 26256 a multiple of 10?
False
Is 48 a factor of 77712?
True
Is 33 a factor of 12243?
True
Is 717436 a multiple of 8?
False
Is 720 a factor of 1693520?
False
Is 1145925 a multiple of 165?
True
Is 4 a factor of 1191859?
False
Does 23 divide 701460?
False
Is 377 a factor of 947?
False
Does 199 divide 92342?
False
Is 103 a factor of 36949?
False
Is 169 a factor of 1201046?
False
Does 16 divide 78742?
False
Is 10354960 a multiple of 308?
True
Does 442 divide 4420?
True
Is 74283 a multiple of 10?
False
Is 27 a factor of 51192?
True
Does 12 divide 12367162?
False
Is 53 a factor of 122031?
False
Is 334404 a multiple of 18?
True
Does 27 divide 150255?
True
Does 11 divide 475354?
True
Does 6 divide 60715?
False
Does 133 divide 154961?
False
Is 55690 a multiple of 45?
False
Does 129 divide 74433?
True
Is 18 a factor of 167066?
False
Is 5171300 a multiple of 36?
False
Does 76 divide 753323?
False
Is 17 a factor of 1343574?
False
Does 15 divide 130875?
True
Is 5 a factor of 320815?
True
Does 42 divide 981425?
False
Does 513 divide 1777545?
True
Is 277877 a multiple of 20?
False
Does 103 divide 89198?
True
Is 551717 a multiple of 16?
False
Is 1650090 a multiple of 26?
True
Is 98 a factor of 2454805?
False
Is 42804 a multiple of 261?
True
Does 135 divide 1897020?
True
Is 560158 a multiple of 101?
False
Is 79712 a multiple of 4?
True
Is 2697200 a multiple of 275?
True
Does 78 divide 92941?
False
Is 883872 a multiple of 186?
True
Is 17 a factor of 10820773?
False
Is 813 a factor of 494304?
True
Does 82 divide 337676?
True
Does 108 divide 13216608?
True
Is 446 a factor of 270